3) in base 3?
-100001112011120
Convert 38702 (base 9) to base 7.
136022
Convert 3dbb4 (base 16) to base 3.
110211211220
Convert -3417514 (base 9) to base 11.
-1049412
Convert 119032 (base 10) to base 14.
31544
Convert 1414125 (base 9) to base 11.
490a32
-2326694 (base 10) to base 13
-636056
What is -1985108 (base 13) in base 4?
-200010300200
Convert 11022120220 (base 3) to base 8.
246001
Convert -200112200011221 (base 3) to base 12.
-3372b97
310353226 (base 7) to base 12
6109867
What is -1105422 (base 6) in base 8?
-154566
What is 211022121220 (base 3) in base 6?
13225510
Convert 10101010010011101101 (base 2) to base 12.
297839
Convert 12a011 (base 11) to base 8.
615607
Convert -435392 (base 11) to base 3.
-1022022200212
What is -31375 (base 9) in base 4?
-11003303
Convert 213330310 (base 4) to base 13.
59635
What is -862170 (base 11) in base 15?
-1c395e
What is 102325 (base 6) in base 4?
2002031
What is -110233011 (base 4) in base 6?
-1453113
Convert 191a1 (base 11) to base 8.
64344
-1245210 (base 6) to base 11
-47559
-1248ee (base 15) to base 16
-d5e75
-1054053 (base 11) to base 2
-111000011101100100100
4b06d (base 14) to base 12
8a549
Convert 1d759 (base 14) to base 16.
12713
-319355 (base 10) to base 8
-1157573
12a2b39 (base 13) to base 8
26267672
Convert 5294747 (base 12) to base 10.
15622183
Convert 42cb90 (base 15) to base 7.
36021363
70a221 (base 12) to base 4
12231202321
What is 6fdfaf (base 16) in base 15?
99c58e
What is -13279 (base 15) in base 4?
-32332002
What is -2990 (base 16) in base 10?
-10640
Convert -a4060 (base 13) to base 7.
-2334350
What is -8486a (base 14) in base 15?
-64c11
What is -111000011100011 (base 2) in base 7?
-150153
What is -1110001120020 (base 3) in base 6?
-24251053
-324ce (base 16) to base 12
-9b292
What is 135b6f (base 16) in base 4?
10311231233
-11101021202101 (base 3) to base 14
-4486b5
-9ab (base 12) to base 9
-1855
Convert 2b62547 (base 12) to base 13.
1aa5863
Convert -7c427 (base 14) to base 5.
-34141114
What is -6bdb8 (base 15) in base 12?
-147085
-120233031 (base 4) to base 13
-37173
-17ca7 (base 16) to base 3
-11221200011
654276 (base 13) to base 14
45d3aa
-101321213133 (base 4) to base 6
-244324143
What is -2522b (base 12) in base 14?
-14547
Convert -1341223201 (base 5) to base 11.
-1a54380
Convert 3212210123 (base 4) to base 7.
11012246
Convert 4a31aa (base 15) to base 8.
15435724
Convert -630358 (base 14) to base 8.
-14601012
What is 33465466 (base 7) in base 3?
12110200212221
101212022101202 (base 3) to base 13
1271a26
What is -912674 (base 11) in base 10?
-1467569
Convert 3b848 (base 13) to base 12.
5447a
3042215 (base 8) to base 6
25122045
b1028 (base 12) to base 16
381e0
727444 (base 10) to base 6
23331444
Convert -202220002 (base 6) to base 5.
-1342030230
1123403121 (base 5) to base 2
1001110000111100101010
Convert 31321276 (base 8) to base 6.
354433010
Convert -342320 (base 7) to base 15.
-13082
What is -27a5728 (base 11) in base 9?
-10062767
What is 13bc6 (base 16) in base 4?
103233012
61f62b (base 16) to base 5
3120420021
What is -133a1c5 (base 13) in base 8?
-27045637
Convert -2214121 (base 8) to base 13.
-17b3bc
-1542562 (base 7) to base 2
-110011110100100111
-5470726 (base 9) to base 8
-13156017
Convert -323123202 (base 4) to base 13.
-86a51
What is -3418180 (base 12) in base 13?
-20b930b
What is -22020302 (base 4) in base 8?
-121062
What is 12012142 (base 6) in base 10?
375038
What is -211120022 (base 5) in base 2?
-11010110101100011011
-102442433 (base 5) to base 2
-1101010101111111011
What is 128777 (base 15) in base 11?
558176
Convert -4001515 (base 6) to base 5.
-21441111
What is 13544840 (base 10) in base 7?
223062221
Convert 10052636 (base 7) to base 14.
17ac1d
What is 47463373 (base 8) in base 4?
213212123323
-7886 (base 16) to base 2
-111100010000110
-744022 (base 8) to base 11
-15a217
Convert 46b07 (base 16) to base 6.
10112251
Convert -101907 (base 12) to base 9.
-423437
What is 683198 (base 10) in base 13?
1abc79
Convert 47244 (base 15) to base 6.
4505131
Convert 115320002 (base 6) to base 7.
24600446
Convert 40ab9b (base 14) to base 12.
892205
Convert 13140234 (base 5) to base 9.
218245
286900 (base 10) to base 15
5a01a
-10101101011111010 (base 2) to base 6
-1523122
What is 30571 (base 11) in base 4?
22320332
Convert -124575 (base 9) to base 15.
-175c5
-26ab5c (base 15) to base 7
-21541164
-2418464 (base 9) to base 15
-1ada6d
20020012210 (base 3) to base 8
357404
What is -6b820 (base 15) in base 5?
-41431310
What is 1214403330 (base 5) in base 14?
552673
What is 2423 (base 9) in base 7?
5154
253355321 (base 6) to base 7
56621566
Convert 1101101220211 (base 3) to base 6.
23440251
Convert 5b089 (base 12) to base 7.
1020666
Convert a4b8 (base 13) to base 14.
8445
What is -31670 (base 13) in base 16?
-15b99
Convert -41052630 (base 7) to base 6.
-201223403
110010100001010100111 (base 2) to base 15
22a793
-2145500 (base 6) to base 12
-52290
What is -1011012102100000 (base 3) in base 2?
-111111010000001011100100
-526871 (base 11) to base 9
-1525138
What is 11230535 (base 6) in base 12?
14844b
Convert 238ba0 (base 12) to base 2.
10001100011110101000
What is -78188 (base 9) in base 8?
-145320
1e9cb (base 16) to base 12
6068b
Convert -dba9b (base 14) to base 10.
-531689
What is -457153 (base 8) in base 4?
-211321223
4430106 (base 7) to base 2
10000101000100111010
Convert -3177378 (base 10) to base 6.
-152034030
Convert -18128 (base 15) to base 5.
-4443023
What is 15253011 (base 7) in base 16?
16410c
What is 30545bb (base 12) in base 10?
9069407
Convert 12313323233 (base 4) to base 6.
102342235
What is 36693b (base 12) in base 4?
3113132333
Convert 11010111010100000 (base 2) to base 14.
2c264
What is -11312202312 (base 4) in base 13?
-419394
Convert -2220243 (base 5) to base 13.
-14895
Convert -503988 (base 13) to base 9.
-3451776
What is -7090c (base 13) in base 5?
-22421320
What is -103a8aa (base 12) in base 15?
-408a04
-1100010001000100100 (base 2) to base 9
-672337
What is -1277101 (base 10) in base 3?
-2101212212001
Convert -b492a (base 12) to base 16.
-39b32
What is 3314464 (base 7) in base 11?
259089
-113 (base 4) to base 3
-212
-33255552 (base 7) to base 4
-22330332120
-12101010212102 (base 3) to base 14
-5451b0
Convert 103252316 (base 7) to base 9.
12534635
11343521 (base 6) to base 2
1010110111001101001
What is -a1e6a (base 16) in base 11?
-413260
75c7e (base 15) to base 11
236053
Convert -8cc86 (base 16) to base 9.
-1068007
What is 1134422 (base 5) in base 3?
1002010120
Convert 1003323303 (base 4) to base 16.
43ef3
What is 3052018 (base 10) in base 13?
82b238
What is -10433612 (base 7) in base 8?
-3334352
-2a4aa8 (base 15) to base 3
-10211200121012
What is -629b39 (base 15) in base 13?
-c82bb4
What is 357889 (base 12) in base 8?
3226451
What is 519188 (base 11) in base 4?
3023021130
Convert 22101210222 (base 3) to base 4.
220113203
What is 108270 (base 15) in base 14?
166ad4
What is -416a1b (base 12) in base 3?
-1221020000012
-235640 (base 7) to base 14
-11890
What is -2453136 (base 9) in base 15?
-1b54a9
-cf9ba (base 16) to base 3
-1121012110220
What is -3959 (base 16) in base 2?
-11100101011001
Convert 1202011102 (base 3) to base 15.
a2c2
Convert 4030fb (base 16) to base 4.
100003003323
What is 10110110110101011111 (base 2) in base 11?
471724
What is -21022222221 (base 3) in base 10?
-144340
8112237 (base 9) to base 5
2101200132
Convert 1505a2 (base 11) to base 8.
712735
What is -72042 (base 8) in base 12?
-15256
-490030 (base 10) to base 9
-826167
Convert 29c2c1 (base 15) to base 14.
3a672a
What is -24929 (base 15) in base 3?
-12221020110
Convert e4802 (base 16) to base 3.
1202112212101
10662701 (base 9) to base 12
1898aa7
What is -4216431 (base 7) in base 9?
-855050
What is -2d9ee (base 15) in base 9?
-244138
208261 (base 9) to base 11
85301
What is -11701d (base 14) in base 7?
-5030036
What is -7b32a9 (base 12) in base 16?
-1e24e1
What is -100200020102 (base 3) in base 2?
-101110011111101010
Convert 1212010200200 (base 3) to base 11.
614479
What is -7db362 (base 15) in base 6?
-332503402
What is 38ca (base 14) in base 2?
10011011111010
What is 2383570 (base 9) in base 14?
25a004
11101100100010101111 (base 2) to base 16
ec8af
What is 46943 (base 13) in base 12?
6